{"id":1445,"date":"2021-12-20T12:53:57","date_gmt":"2021-12-20T11:53:57","guid":{"rendered":"http:\/\/www.relazionipositive.org\/?page_id=1445"},"modified":"2021-12-20T12:53:59","modified_gmt":"2021-12-20T11:53:59","slug":"tree-tessere-relazioni-educative-di-empowerment","status":"publish","type":"page","link":"https:\/\/www.relazionipositive.org\/?page_id=1445","title":{"rendered":"TREE &#8211; Tessere Relazioni Educative di Empowerment"},"content":{"rendered":"\n<p>TREE ha come obiettivo la creazione di occasioni dedicate di educazione informale, scambio e crescita in un&#8217;ottica di inclusione e maturazione delle competenze individuali.<br><br>Gli interventi del progetto derivano da due bisogni individuati nel nostro territorio:<\/p>\n\n\n\n<ul><li>offrire spazi e tempi di accudimento, educazione ed empowerment per i\/le minori che subiscono violenza assistita;<\/li><li>offrire ai\/alle minori strumenti per l&#8217;alfabetizzazione emotiva, il riconoscimento degli stereotipi di genere, il superamento della discriminazione di genere e quindi la prevenzione primaria della violenza nelle relazioni.<\/li><li>offrire ai\/alle minori gli strumenti per crescere e dare gli spazi di confronto fra pari in cui scoprire la diversit\u00e0 e fare esperienza di inclusione pone le basi per una societ\u00e0 pi\u00f9 giusta, pi\u00f9 accogliente e che rifiuta la violenza come strumento di prevaricazione.<\/li><\/ul>\n\n\n\n<p>Attivit\u00e0 del progetto:<\/p>\n\n\n\n<ul><li>Spazio in erba: accudimento ed educazione per figli\/e di donne che subiscono violenza<\/li><li>Spazio radici: attivit\u00e0 educative per bambini\/e adolescenti che subiscono violenza assistita, ovvero figli\/e di donne ospiti in casa rifugio o seguite dal Centro antiviolenza<\/li><li>Spazio linfa: attivit\u00e0 educative per ragazzi\/e ospiti di comunit\u00e0 per minori<\/li><li>Spazio rami: interventi di peer education su genere e violenza di genere; cineforum con film e serie tv; biblioteca tematica; spazio di aggregazione sociale; laboratorio radiofonico per la gestione diretta della comunicazione.<\/li><\/ul>\n\n\n\n<p>Il progetto TREE \u00e8 sostenuto dal Dipartimento per le politiche della famiglia. Partner del progetto sono il Centro Veneto Progetti Donna e Rel.Azioni Positive scs.<\/p>\n","protected":false},"excerpt":{"rendered":"<p>TREE ha come obiettivo la creazione di occasioni dedicate di educazione informale, scambio e crescita in un&#8217;ottica di inclusione e maturazione delle competenze individuali. Gli interventi del progetto derivano da due bisogni individuati nel nostro territorio: offrire spazi e tempi di accudimento, educazione ed empowerment per i\/le minori che subiscono [&hellip;]<\/p>\n","protected":false},"author":1,"featured_media":0,"parent":0,"menu_order":0,"comment_status":"closed","ping_status":"closed","template":"","meta":{"seo_booster_metabox":"","spay_email":""},"_links":{"self":[{"href":"https:\/\/www.relazionipositive.org\/index.php?rest_route=\/wp\/v2\/pages\/1445"}],"collection":[{"href":"https:\/\/www.relazionipositive.org\/index.php?rest_route=\/wp\/v2\/pages"}],"about":[{"href":"https:\/\/www.relazionipositive.org\/index.php?rest_route=\/wp\/v2\/types\/page"}],"author":[{"embeddable":true,"href":"https:\/\/www.relazionipositive.org\/index.php?rest_route=\/wp\/v2\/users\/1"}],"replies":[{"embeddable":true,"href":"https:\/\/www.relazionipositive.org\/index.php?rest_route=%2Fwp%2Fv2%2Fcomments&post=1445"}],"version-history":[{"count":1,"href":"https:\/\/www.relazionipositive.org\/index.php?rest_route=\/wp\/v2\/pages\/1445\/revisions"}],"predecessor-version":[{"id":1447,"href":"https:\/\/www.relazionipositive.org\/index.php?rest_route=\/wp\/v2\/pages\/1445\/revisions\/1447"}],"wp:attachment":[{"href":"https:\/\/www.relazionipositive.org\/index.php?rest_route=%2Fwp%2Fv2%2Fmedia&parent=1445"}],"curies":[{"name":"wp","href":"https:\/\/api.w.org\/{rel}","templated":true}]}}