{"id":36,"date":"2019-07-17T15:24:43","date_gmt":"2019-07-17T13:24:43","guid":{"rendered":"http:\/\/www.relazionipositive.org\/?page_id=36"},"modified":"2026-04-23T11:29:23","modified_gmt":"2026-04-23T09:29:23","slug":"5x1000","status":"publish","type":"page","link":"https:\/\/www.relazionipositive.org\/?page_id=36","title":{"rendered":"Sostienici con il tuo 5xmille"},"content":{"rendered":"\n<h1 class=\"has-text-align-center has-text-color\" style=\"color:#693265\"><strong><span style=\"color:#693265\" class=\"has-inline-color\">Sostienici con il tuo 5&#215;1000<\/span><\/strong><\/h1>\n\n\n\n<h3 class=\"has-text-align-center has-text-color has-medium-font-size\" style=\"color:#693265\">Per vite libere dalla violenza dona il tuo 5&#215;1000 a Rel.Azioni Positive!<\/h3>\n\n\n\n<div class=\"wp-block-image\"><figure class=\"aligncenter size-large\"><img width=\"750\" height=\"211\" src=\"https:\/\/i2.wp.com\/www.relazionipositive.org\/wp-content\/uploads\/2026\/04\/5x1000-banner-sito-relazioni-2026.png?resize=750%2C211\" alt=\"\" class=\"wp-image-3021\" srcset=\"https:\/\/i2.wp.com\/www.relazionipositive.org\/wp-content\/uploads\/2026\/04\/5x1000-banner-sito-relazioni-2026.png?resize=1024%2C288&amp;ssl=1 1024w, https:\/\/i2.wp.com\/www.relazionipositive.org\/wp-content\/uploads\/2026\/04\/5x1000-banner-sito-relazioni-2026.png?resize=300%2C84&amp;ssl=1 300w, https:\/\/i2.wp.com\/www.relazionipositive.org\/wp-content\/uploads\/2026\/04\/5x1000-banner-sito-relazioni-2026.png?resize=768%2C216&amp;ssl=1 768w, https:\/\/i2.wp.com\/www.relazionipositive.org\/wp-content\/uploads\/2026\/04\/5x1000-banner-sito-relazioni-2026.png?resize=1536%2C432&amp;ssl=1 1536w, https:\/\/i2.wp.com\/www.relazionipositive.org\/wp-content\/uploads\/2026\/04\/5x1000-banner-sito-relazioni-2026.png?w=1920&amp;ssl=1 1920w\" sizes=\"(max-width: 750px) 100vw, 750px\" data-recalc-dims=\"1\" \/><\/figure><\/div>\n\n\n\n<h2 class=\"has-text-color\" style=\"color:#693265;font-size:30px\"><strong>Cos&#8217;\u00e8 il&nbsp;5 per mille&nbsp;e perch\u00e9 donarlo a Rel.Azioni Positive?<\/strong><\/h2>\n\n\n\n<p class=\"has-text-color\" style=\"color:#693265;font-size:18px\">Il <strong>5 per mille<\/strong> \u00e8&nbsp;un sostegno alle associazioni e a costo zero per il cittadino, che pu\u00f2 scegliere a chi destinare una quota del proprio Irpef. Donando il tuo 5 per mille a <strong>Rel.Azioni Positive<\/strong> sosterrai le attivit\u00e0 di <strong>prevenzione <\/strong>della violenza di genere, di <strong>promozione <\/strong>dei diritti delle donne e della loro <strong>protezione<\/strong>.<\/p>\n\n\n\n<figure class=\"wp-block-image size-large is-resized\"><img src=\"https:\/\/i1.wp.com\/www.relazionipositive.org\/wp-content\/uploads\/2024\/05\/temporaneo-1-4.png?resize=81%2C81\" alt=\"\" class=\"wp-image-2118\" width=\"81\" height=\"81\" srcset=\"https:\/\/i1.wp.com\/www.relazionipositive.org\/wp-content\/uploads\/2024\/05\/temporaneo-1-4.png?resize=1024%2C1024&amp;ssl=1 1024w, https:\/\/i1.wp.com\/www.relazionipositive.org\/wp-content\/uploads\/2024\/05\/temporaneo-1-4.png?resize=300%2C300&amp;ssl=1 300w, https:\/\/i1.wp.com\/www.relazionipositive.org\/wp-content\/uploads\/2024\/05\/temporaneo-1-4.png?resize=150%2C150&amp;ssl=1 150w, https:\/\/i1.wp.com\/www.relazionipositive.org\/wp-content\/uploads\/2024\/05\/temporaneo-1-4.png?resize=768%2C768&amp;ssl=1 768w, https:\/\/i1.wp.com\/www.relazionipositive.org\/wp-content\/uploads\/2024\/05\/temporaneo-1-4.png?w=1080&amp;ssl=1 1080w\" sizes=\"(max-width: 81px) 100vw, 81px\" data-recalc-dims=\"1\" \/><\/figure>\n\n\n\n<div class=\"wp-block-group\"><div class=\"wp-block-group__inner-container\">\n<h2 style=\"font-size:30px\"><strong><span style=\"color:#693265\" class=\"has-inline-color\">Come si dona il 5 per mille?<\/span><\/strong>&nbsp;<\/h2>\n\n\n\n<p class=\"has-text-color\" style=\"color:#693265;font-size:18px\">Donare il <strong>5 per mille<\/strong> \u00e8 semplice: basta firmare il riquadro&nbsp;<strong>&#8220;Sostegno degli Enti del Terzo Settore&#8230;&#8221;<\/strong>&nbsp;presente nel tuo modello di dichiarazione dei redditi (modello Redditi Persone fisiche, modello 730, scheda allegata alla Certificazione unica) e inserire il codice fiscale di Rel.Azioni Positive:&nbsp;<strong>05084970283<\/strong><\/p>\n<\/div><\/div>\n\n\n\n<h2 id=\"wp-block-themeisle-blocks-advanced-heading-388041c9\" class=\"wp-block-themeisle-blocks-advanced-heading wp-block-themeisle-blocks-advanced-heading-388041c9\">Segui questi passi!<\/h2>\n\n\n\n<ol><li><span style=\"color:#693265\" class=\"has-inline-color\"><strong>Compila <\/strong>i moduli <strong>CU<\/strong>, <strong>730 <\/strong>e <strong>Modello Unico<\/strong><\/span><\/li><li><span style=\"color:#693265\" class=\"has-inline-color\">Nella scheda &#8220;Scelta per la destinazione del 5 per mille dell&#8217;IRPEF&#8221; <strong>cerca <\/strong>il riquadro &#8220;<strong>Sostegno degli enti del terzo settore&#8230;<\/strong>&#8220;<\/span><\/li><li><span style=\"color:#693265\" class=\"has-inline-color\"><strong>Metti la tua firma<\/strong> e inserisci nello spazio &#8220;Codice Fiscale del beneficiario&#8221; il <strong>codice fiscale<\/strong> di <strong>Rel.Azioni Positive<\/strong>: <strong>05084970283<\/strong><\/span><\/li><\/ol>\n\n\n\n<div class=\"wp-block-image\"><figure class=\"aligncenter is-resized\"><img src=\"https:\/\/i1.wp.com\/www.relazionipositive.org\/wp-content\/uploads\/2026\/04\/irpef-REL-5x1000-2026.png?resize=581%2C436&#038;ssl=1\" alt=\"\" class=\"wp-image-3023\" width=\"581\" height=\"436\" srcset=\"https:\/\/i1.wp.com\/www.relazionipositive.org\/wp-content\/uploads\/2026\/04\/irpef-REL-5x1000-2026.png?w=1440&amp;ssl=1 1440w, https:\/\/i1.wp.com\/www.relazionipositive.org\/wp-content\/uploads\/2026\/04\/irpef-REL-5x1000-2026.png?resize=300%2C225&amp;ssl=1 300w, https:\/\/i1.wp.com\/www.relazionipositive.org\/wp-content\/uploads\/2026\/04\/irpef-REL-5x1000-2026.png?resize=1024%2C768&amp;ssl=1 1024w, https:\/\/i1.wp.com\/www.relazionipositive.org\/wp-content\/uploads\/2026\/04\/irpef-REL-5x1000-2026.png?resize=768%2C576&amp;ssl=1 768w\" sizes=\"(max-width: 581px) 100vw, 581px\" data-recalc-dims=\"1\" \/><\/figure><\/div>\n\n\n\n<h3 class=\"has-text-color\" style=\"color:#693265\"><strong>Se non sei tenuta\/o a presentare la dichiarazione dei redditi,&nbsp;puoi destinare comunque il tuo 5&#215;1000 a Rel.Azioni Positive<\/strong><\/h3>\n\n\n\n<ul class=\"has-text-color\" style=\"color:#693265;font-size:18px\"><li>Compila la <strong>scheda dedicata<\/strong> fornita insieme al CU, firma nel riquadro &#8220;SOSTEGNO DEGLI ENTI DEL TERZO SETTORE ISCRITTI NEL RUNTS &#8230;&#8221; e inserisci il codice fiscale di Rel.Azioni Positive<strong>&nbsp;05084970283&nbsp;<\/strong><\/li><li>Riponi la scheda in una busta chiusa e su essa scrivi<strong>&nbsp;&#8220;Destinazione del 5xmille dell&#8217;IRPEF&#8221;&nbsp;<\/strong>insieme al tuo nome, cognome e il tuo codice fiscale<\/li><li>Consegna la busta, senza alcun costo, a un ufficio postale, a uno sportello bancario, a un CAF o al commercialista, che si occuperanno di inviarlo all&#8217;Agenzia delle Entrate.<\/li><\/ul>\n\n\n\n<figure class=\"wp-block-image size-large is-resized\"><img src=\"https:\/\/i1.wp.com\/www.relazionipositive.org\/wp-content\/uploads\/2024\/05\/temporaneo-8-2.png?resize=81%2C81\" alt=\"\" class=\"wp-image-2167\" width=\"81\" height=\"81\" srcset=\"https:\/\/i1.wp.com\/www.relazionipositive.org\/wp-content\/uploads\/2024\/05\/temporaneo-8-2.png?resize=1024%2C1024&amp;ssl=1 1024w, https:\/\/i1.wp.com\/www.relazionipositive.org\/wp-content\/uploads\/2024\/05\/temporaneo-8-2.png?resize=300%2C300&amp;ssl=1 300w, https:\/\/i1.wp.com\/www.relazionipositive.org\/wp-content\/uploads\/2024\/05\/temporaneo-8-2.png?resize=150%2C150&amp;ssl=1 150w, https:\/\/i1.wp.com\/www.relazionipositive.org\/wp-content\/uploads\/2024\/05\/temporaneo-8-2.png?resize=768%2C768&amp;ssl=1 768w, https:\/\/i1.wp.com\/www.relazionipositive.org\/wp-content\/uploads\/2024\/05\/temporaneo-8-2.png?w=1080&amp;ssl=1 1080w\" sizes=\"(max-width: 81px) 100vw, 81px\" data-recalc-dims=\"1\" \/><\/figure>\n\n\n\n<h2 class=\"has-text-color\" style=\"color:#693265\">Le <strong>attivit\u00e0<\/strong> che supporterai con il tuo <strong>5 per mille<\/strong>:<\/h2>\n\n\n\n<div class=\"wp-block-image\"><figure class=\"aligncenter size-large\"><img width=\"750\" height=\"211\" src=\"https:\/\/i1.wp.com\/www.relazionipositive.org\/wp-content\/uploads\/2026\/04\/attivita-rel-sito-5x1000-2026.png?resize=750%2C211\" alt=\"\" class=\"wp-image-3024\" srcset=\"https:\/\/i1.wp.com\/www.relazionipositive.org\/wp-content\/uploads\/2026\/04\/attivita-rel-sito-5x1000-2026.png?resize=1024%2C288&amp;ssl=1 1024w, https:\/\/i1.wp.com\/www.relazionipositive.org\/wp-content\/uploads\/2026\/04\/attivita-rel-sito-5x1000-2026.png?resize=300%2C84&amp;ssl=1 300w, https:\/\/i1.wp.com\/www.relazionipositive.org\/wp-content\/uploads\/2026\/04\/attivita-rel-sito-5x1000-2026.png?resize=768%2C216&amp;ssl=1 768w, https:\/\/i1.wp.com\/www.relazionipositive.org\/wp-content\/uploads\/2026\/04\/attivita-rel-sito-5x1000-2026.png?resize=1536%2C432&amp;ssl=1 1536w, https:\/\/i1.wp.com\/www.relazionipositive.org\/wp-content\/uploads\/2026\/04\/attivita-rel-sito-5x1000-2026.png?w=1920&amp;ssl=1 1920w\" sizes=\"(max-width: 750px) 100vw, 750px\" data-recalc-dims=\"1\" \/><\/figure><\/div>\n\n\n\n<div class=\"wp-block-image\"><figure class=\"alignleft size-large is-resized\"><img src=\"https:\/\/i0.wp.com\/www.relazionipositive.org\/wp-content\/uploads\/2024\/05\/temporaneo-2.png?resize=74%2C74\" alt=\"\" class=\"wp-image-2116\" width=\"74\" height=\"74\" srcset=\"https:\/\/i0.wp.com\/www.relazionipositive.org\/wp-content\/uploads\/2024\/05\/temporaneo-2.png?resize=1024%2C1024&amp;ssl=1 1024w, https:\/\/i0.wp.com\/www.relazionipositive.org\/wp-content\/uploads\/2024\/05\/temporaneo-2.png?resize=300%2C300&amp;ssl=1 300w, https:\/\/i0.wp.com\/www.relazionipositive.org\/wp-content\/uploads\/2024\/05\/temporaneo-2.png?resize=150%2C150&amp;ssl=1 150w, https:\/\/i0.wp.com\/www.relazionipositive.org\/wp-content\/uploads\/2024\/05\/temporaneo-2.png?resize=768%2C768&amp;ssl=1 768w, https:\/\/i0.wp.com\/www.relazionipositive.org\/wp-content\/uploads\/2024\/05\/temporaneo-2.png?w=1080&amp;ssl=1 1080w\" sizes=\"(max-width: 74px) 100vw, 74px\" data-recalc-dims=\"1\" \/><\/figure><\/div>\n\n\n\n<p><\/p>\n\n\n\n<p><\/p>\n\n\n\n<h2 class=\"has-text-color\" style=\"color:#693265;font-size:30px\">Scadenze: <strong>30 settembre 202<\/strong>6<\/h2>\n\n\n\n<p class=\"has-text-color\" style=\"color:#693265;font-size:18px\">Puoi consegnare <strong>entro il 30 settembre 2026<\/strong> il Modello 730 compilato e firmato presso il CAF di zona o il tuo commercialista. \u00c8 possibile presentarlo anche al tuo datore di lavoro, se rientra nell&#8217;elenco degli abilitati alla trasmissione del Modello.<\/p>\n\n\n\n<h2 class=\"has-text-align-center has-text-color\" style=\"color:#693265\"><strong>QUANTO VALE IL TUO 5 PER MILLE?<\/strong><\/h2>\n\n\n\n<p class=\"has-text-color\" style=\"color:#693265\">Il 5\u00d71000 non ha alcun costo per te: \u00e8 una parte di tasse con cui scegli di supportare il Centro antiviolenza, determinata in base alla&nbsp;<strong>dichiarazione dei redditi<\/strong>&nbsp;e all\u2019imposta netta&nbsp;<strong>Irpef<\/strong>. Le varianti sono molte, ma qui potrai farti un\u2019idea indicativa dell\u2019importo della tua donazione.<\/p>\n\n\n\n<div class=\"wp-block-group alignwide\"><div class=\"wp-block-group__inner-container\">\n<div class=\"wp-block-columns\">\n<div class=\"wp-block-column\" style=\"flex-basis:100%\">\n<div class=\"wp-block-columns\">\n<div class=\"wp-block-column\" style=\"flex-basis:100%\">\n<div class=\"wp-block-group\"><div class=\"wp-block-group__inner-container\">\n<figure class=\"wp-block-gallery aligncenter columns-2 is-cropped\"><ul class=\"blocks-gallery-grid\"><li class=\"blocks-gallery-item\"><figure><img width=\"750\" height=\"375\" src=\"https:\/\/i0.wp.com\/www.relazionipositive.org\/wp-content\/uploads\/2026\/04\/5x1000-QUANDO-VALE-SITO-REL-1-2026.png?resize=750%2C375&#038;ssl=1\" alt=\"\" data-id=\"3039\" data-full-url=\"https:\/\/i0.wp.com\/www.relazionipositive.org\/wp-content\/uploads\/2026\/04\/5x1000-QUANDO-VALE-SITO-REL-1-2026.png?resize=750%2C375&#038;ssl=1\" data-link=\"https:\/\/www.relazionipositive.org\/?attachment_id=3039\" class=\"wp-image-3039\" srcset=\"https:\/\/i0.wp.com\/www.relazionipositive.org\/wp-content\/uploads\/2026\/04\/5x1000-QUANDO-VALE-SITO-REL-1-2026.png?w=6912&amp;ssl=1 6912w, https:\/\/i0.wp.com\/www.relazionipositive.org\/wp-content\/uploads\/2026\/04\/5x1000-QUANDO-VALE-SITO-REL-1-2026.png?resize=300%2C150&amp;ssl=1 300w, https:\/\/i0.wp.com\/www.relazionipositive.org\/wp-content\/uploads\/2026\/04\/5x1000-QUANDO-VALE-SITO-REL-1-2026.png?resize=1024%2C512&amp;ssl=1 1024w, https:\/\/i0.wp.com\/www.relazionipositive.org\/wp-content\/uploads\/2026\/04\/5x1000-QUANDO-VALE-SITO-REL-1-2026.png?resize=768%2C384&amp;ssl=1 768w, https:\/\/i0.wp.com\/www.relazionipositive.org\/wp-content\/uploads\/2026\/04\/5x1000-QUANDO-VALE-SITO-REL-1-2026.png?resize=1536%2C768&amp;ssl=1 1536w, https:\/\/i0.wp.com\/www.relazionipositive.org\/wp-content\/uploads\/2026\/04\/5x1000-QUANDO-VALE-SITO-REL-1-2026.png?resize=2048%2C1024&amp;ssl=1 2048w, https:\/\/i0.wp.com\/www.relazionipositive.org\/wp-content\/uploads\/2026\/04\/5x1000-QUANDO-VALE-SITO-REL-1-2026.png?w=2250 2250w\" sizes=\"(max-width: 750px) 100vw, 750px\" data-recalc-dims=\"1\" \/><\/figure><\/li><li class=\"blocks-gallery-item\"><figure><img width=\"750\" height=\"375\" src=\"https:\/\/i0.wp.com\/www.relazionipositive.org\/wp-content\/uploads\/2026\/04\/rel-2026-2.png?resize=750%2C375&#038;ssl=1\" alt=\"\" data-id=\"3026\" data-full-url=\"https:\/\/i0.wp.com\/www.relazionipositive.org\/wp-content\/uploads\/2026\/04\/rel-2026-2.png?resize=750%2C375&#038;ssl=1\" data-link=\"https:\/\/www.relazionipositive.org\/?attachment_id=3026\" class=\"wp-image-3026\" srcset=\"https:\/\/i0.wp.com\/www.relazionipositive.org\/wp-content\/uploads\/2026\/04\/rel-2026-2.png?w=6912&amp;ssl=1 6912w, https:\/\/i0.wp.com\/www.relazionipositive.org\/wp-content\/uploads\/2026\/04\/rel-2026-2.png?resize=300%2C150&amp;ssl=1 300w, https:\/\/i0.wp.com\/www.relazionipositive.org\/wp-content\/uploads\/2026\/04\/rel-2026-2.png?resize=1024%2C512&amp;ssl=1 1024w, https:\/\/i0.wp.com\/www.relazionipositive.org\/wp-content\/uploads\/2026\/04\/rel-2026-2.png?resize=768%2C384&amp;ssl=1 768w, https:\/\/i0.wp.com\/www.relazionipositive.org\/wp-content\/uploads\/2026\/04\/rel-2026-2.png?resize=1536%2C768&amp;ssl=1 1536w, https:\/\/i0.wp.com\/www.relazionipositive.org\/wp-content\/uploads\/2026\/04\/rel-2026-2.png?resize=2048%2C1024&amp;ssl=1 2048w, https:\/\/i0.wp.com\/www.relazionipositive.org\/wp-content\/uploads\/2026\/04\/rel-2026-2.png?w=2250 2250w\" sizes=\"(max-width: 750px) 100vw, 750px\" data-recalc-dims=\"1\" \/><\/figure><\/li><li class=\"blocks-gallery-item\"><figure><img width=\"750\" height=\"375\" src=\"https:\/\/i2.wp.com\/www.relazionipositive.org\/wp-content\/uploads\/2026\/04\/rel-2026-3.png?resize=750%2C375&#038;ssl=1\" alt=\"\" data-id=\"3027\" data-full-url=\"https:\/\/i2.wp.com\/www.relazionipositive.org\/wp-content\/uploads\/2026\/04\/rel-2026-3.png?resize=750%2C375&#038;ssl=1\" data-link=\"https:\/\/www.relazionipositive.org\/?attachment_id=3027\" class=\"wp-image-3027\" srcset=\"https:\/\/i2.wp.com\/www.relazionipositive.org\/wp-content\/uploads\/2026\/04\/rel-2026-3.png?w=6912&amp;ssl=1 6912w, https:\/\/i2.wp.com\/www.relazionipositive.org\/wp-content\/uploads\/2026\/04\/rel-2026-3.png?resize=300%2C150&amp;ssl=1 300w, https:\/\/i2.wp.com\/www.relazionipositive.org\/wp-content\/uploads\/2026\/04\/rel-2026-3.png?resize=1024%2C512&amp;ssl=1 1024w, https:\/\/i2.wp.com\/www.relazionipositive.org\/wp-content\/uploads\/2026\/04\/rel-2026-3.png?resize=768%2C384&amp;ssl=1 768w, https:\/\/i2.wp.com\/www.relazionipositive.org\/wp-content\/uploads\/2026\/04\/rel-2026-3.png?resize=1536%2C768&amp;ssl=1 1536w, https:\/\/i2.wp.com\/www.relazionipositive.org\/wp-content\/uploads\/2026\/04\/rel-2026-3.png?resize=2048%2C1024&amp;ssl=1 2048w, https:\/\/i2.wp.com\/www.relazionipositive.org\/wp-content\/uploads\/2026\/04\/rel-2026-3.png?w=2250 2250w\" sizes=\"(max-width: 750px) 100vw, 750px\" data-recalc-dims=\"1\" \/><\/figure><\/li><li class=\"blocks-gallery-item\"><figure><img width=\"750\" height=\"375\" src=\"https:\/\/i1.wp.com\/www.relazionipositive.org\/wp-content\/uploads\/2026\/04\/rel-2026-4.png?resize=750%2C375&#038;ssl=1\" alt=\"\" data-id=\"3028\" data-full-url=\"https:\/\/i1.wp.com\/www.relazionipositive.org\/wp-content\/uploads\/2026\/04\/rel-2026-4.png?resize=750%2C375&#038;ssl=1\" data-link=\"https:\/\/www.relazionipositive.org\/?attachment_id=3028\" class=\"wp-image-3028\" srcset=\"https:\/\/i1.wp.com\/www.relazionipositive.org\/wp-content\/uploads\/2026\/04\/rel-2026-4.png?w=6912&amp;ssl=1 6912w, https:\/\/i1.wp.com\/www.relazionipositive.org\/wp-content\/uploads\/2026\/04\/rel-2026-4.png?resize=300%2C150&amp;ssl=1 300w, https:\/\/i1.wp.com\/www.relazionipositive.org\/wp-content\/uploads\/2026\/04\/rel-2026-4.png?resize=1024%2C512&amp;ssl=1 1024w, https:\/\/i1.wp.com\/www.relazionipositive.org\/wp-content\/uploads\/2026\/04\/rel-2026-4.png?resize=768%2C384&amp;ssl=1 768w, https:\/\/i1.wp.com\/www.relazionipositive.org\/wp-content\/uploads\/2026\/04\/rel-2026-4.png?resize=1536%2C768&amp;ssl=1 1536w, https:\/\/i1.wp.com\/www.relazionipositive.org\/wp-content\/uploads\/2026\/04\/rel-2026-4.png?resize=2048%2C1024&amp;ssl=1 2048w, https:\/\/i1.wp.com\/www.relazionipositive.org\/wp-content\/uploads\/2026\/04\/rel-2026-4.png?w=2250 2250w\" sizes=\"(max-width: 750px) 100vw, 750px\" data-recalc-dims=\"1\" \/><\/figure><\/li><\/ul><\/figure>\n<\/div><\/div>\n<\/div>\n<\/div>\n<\/div>\n<\/div>\n<\/div><\/div>\n\n\n\n<p class=\"has-text-color\" style=\"color:#693265\">Scarica la nostra guida su come donare il tuo <strong>5 x mille<\/strong>! Clicca qui sotto!<\/p>\n\n\n\n<div class=\"wp-block-file\"><a href=\"https:\/\/www.relazionipositive.org\/wp-content\/uploads\/2026\/04\/MINI-GUIDA-5x1000-Rel.Azioni-Positive.pdf\">MINI-GUIDA-5&#215;1000-Rel.Azioni-Positive<\/a><a href=\"https:\/\/www.relazionipositive.org\/wp-content\/uploads\/2026\/04\/MINI-GUIDA-5x1000-Rel.Azioni-Positive.pdf\" class=\"wp-block-file__button\" download>Download<\/a><\/div>\n\n\n\n<figure class=\"wp-block-gallery columns-0 is-cropped\"><ul class=\"blocks-gallery-grid\"><\/ul><\/figure>\n\n\n\n<figure class=\"wp-block-gallery columns-0 is-cropped\"><ul class=\"blocks-gallery-grid\"><\/ul><\/figure>\n","protected":false},"excerpt":{"rendered":"<p>Sostienici con il tuo 5&#215;1000 Per vite libere dalla violenza dona il tuo 5&#215;1000 a Rel.Azioni Positive! Cos&#8217;\u00e8 il&nbsp;5 per mille&nbsp;e perch\u00e9 donarlo a Rel.Azioni Positive? Il 5 per mille \u00e8&nbsp;un sostegno alle associazioni e a costo zero per il cittadino, che pu\u00f2 scegliere a chi destinare una quota del [&hellip;]<\/p>\n","protected":false},"author":1,"featured_media":0,"parent":0,"menu_order":0,"comment_status":"closed","ping_status":"closed","template":"page-templates\/template-fullwidth.php","meta":{"seo_booster_metabox":"","spay_email":""},"_links":{"self":[{"href":"https:\/\/www.relazionipositive.org\/index.php?rest_route=\/wp\/v2\/pages\/36"}],"collection":[{"href":"https:\/\/www.relazionipositive.org\/index.php?rest_route=\/wp\/v2\/pages"}],"about":[{"href":"https:\/\/www.relazionipositive.org\/index.php?rest_route=\/wp\/v2\/types\/page"}],"author":[{"embeddable":true,"href":"https:\/\/www.relazionipositive.org\/index.php?rest_route=\/wp\/v2\/users\/1"}],"replies":[{"embeddable":true,"href":"https:\/\/www.relazionipositive.org\/index.php?rest_route=%2Fwp%2Fv2%2Fcomments&post=36"}],"version-history":[{"count":33,"href":"https:\/\/www.relazionipositive.org\/index.php?rest_route=\/wp\/v2\/pages\/36\/revisions"}],"predecessor-version":[{"id":3047,"href":"https:\/\/www.relazionipositive.org\/index.php?rest_route=\/wp\/v2\/pages\/36\/revisions\/3047"}],"wp:attachment":[{"href":"https:\/\/www.relazionipositive.org\/index.php?rest_route=%2Fwp%2Fv2%2Fmedia&parent=36"}],"curies":[{"name":"wp","href":"https:\/\/api.w.org\/{rel}","templated":true}]}}